. Let h be t(-5). Let b(g) = 5*g + 27. Let u be b(-5). Let o = u - h. Determine n(o).
-13
Suppose h - 13 - 57 = -3*k, 0 = 4*k - h - 98. Let s be ((-2)/(-4))/((-4)/k). Let v(n) be the third derivative of n**4/24 + n**3/6 - 30*n**2. Calculate v(s).
-2
Let q(n) = -n**2 - 7*n. Let o be 4/38 - (-93)/19. Let f be o/(-40) - 94/16. What is q(f)?
6
Let d(f) = -5*f - 1. Let q = -9 + 0. Let z = -11 - q. Let x be 1*(-4 - 2/z). What is d(x)?
14
Let q(r) = -11*r**2 + 2*r - 1 - 9*r**2 + 3*r**2. Let a(v) = -18*v - 66. Let b be a(-4). Let y be ((-2)/b)/(((-10)/3)/10). Determine q(y).
-16
Suppose 2*n + 5 = n, -4*k + 1 = 3*n. Let j(c) = 2*c. Give j(k).
8
Suppose 0 = 3*g - 6, -4*g = -3*x + 4*x - 1. Let f(z) = -3*z - 2. Determine f(x).
19
Let u(m) = 5*m**2 - 3*m**3 - 70*m + 70*m + 2*m**3. Give u(4).
16
Suppose 6*t - 2*t - 72 = 0. Suppose -t = 18*m - 21*m. Let j(q) = -q**3 + 7*q**2 - 4*q - 6. What is j(m)?
6
Let u(g) = -175*g - 9 - 191*g - g**2 + 377*g. Give u(7).
19
Let w(h) be the second derivative of -h**5/120 + h**3/6 + h. Let v(b) be the second derivative of w(b). Let c = -2066 + 2071. Calculate v(c).
-5
Let y(c) = -20*c + 15*c + 6*c. Let z(t) = 3*t - 1. Let r be 4/(-1 - -3 - 0). Let x be z(r). Calculate y(x).
5
Let h(g) = 19 - 13*g - 3*g - 6*g + 26*g - 5*g. Determine h(13).
6
Let l = 61 + -57. Let f(g) = g - 5. Let v(t) = -5*t + 26. Let x(d) = l*v(d) + 22*f(d). Suppose -n = -3*a + 3*n + 18, -a - 3*n = -6. What is x(a)?
6
Let v(l) be the second derivative of -l**4/12 - 11*l**3/6 - 4*l**2 + 282*l. Give v(-7).
20
Let w = 129 + -118. Let h(n) = -n + 7. Give h(w).
-4
Let v(s) = -s**3 + 3*s**2 - 4*s - 1. Suppose -17*o + 28 = -3*o. What is v(o)?
-5
Let d(r) be the third derivative of -r**8/20160 - r**7/1260 - r**6/720 + 19*r**5/60 + 22*r**2. Let h(i) be the third derivative of d(i). Calculate h(-3).
2
Let k be 6/(-9)*24/(-4). Let a(c) = -4*c + k*c + 3*c - 2*c. Give a(-2).
-2
Let q(f) = f**2 - 8*f + 5. Let s(i) = -2*i - 3. Let v = 31 - 36. Let c be s(v). Give q(c).
-2
Let d(m) = -m**2 + 6*m + 2. Let z(r) = 3*r - 30. Let f be z(13). Suppose f = 2*o - 1. What is d(o)?
7
Let v be (-6)/2*6/(-9). Let m(h) = -1 + 33*h + 4*h**v - 68*h + 36*h. Calculate m(1).
4
Let v be 6*(-22)/4 + 1. Let k = 47 - 41. Let h be k/4*v/12. Let m(o) = o + 1. Calculate m(h).
-3
Let d(k) = -k**3 + 3*k**2 + 3*k + 2. Let p(s) = -2*s**2 + 3*s - 2. Let h be p(3). Let f(x) = 19 - x - 4 + 3*x - x. Let y be f(h). Calculate d(y).
-2
Let g(x) be the second derivative of 0 - 5/2*x**2 + 44*x - 1/12*x**4 + 1/6*x**3. Give g(0).
-5
Let t(q) = -q**2 + q - 5. Let x(d) = -d**3 + 11*d**2 - 2*d + 22. Let p be x(11). What is t(p)?
-5
Let o be (3/1)/((-2 + 0)/(-2)). Suppose 0 = 3*u + 2*u. Let f(k) = 0 - k - o - 1 + u*k. Give f(-7).
3
Let p(f) be the first derivative of 5*f**2/2 + 8*f + 9. Give p(-6).
-22
Let m(v) = 5*v + 18. Suppose -5 = 4*h + 15. What is m(h)?
-7
Let j(y) be the third derivative of y**4/8 + 94*y**2. Give j(1).
3
Let r(q) = -2 + 2*q - q - 6*q + 0. Suppose u + g + 7 = 6*g, 2*u + 9 = 5*g. Give r(u).
8
Suppose 0 = -22*q + 11 + 77. Let p(x) = x**2 - x - 3. Determine p(q).
9
Let z(p) = p + 5. Let f be z(5). Let r(w) = 12 + w**2 - 5 + 0 - f + 5*w. Determine r(-7).
11
Let s = -4924 - -4919. Let a(p) be the third derivative of p**6/120 + p**5/10 + p**4/6 - p**3 + p**2. Determine a(s).
-1
Suppose 14*g = 84 - 28. Let s(z) = z**2 - 5*z - 1. Give s(g).
-5
Let u(p) = 7*p**3 + 14*p**2 + 32*p + 13. Let w(i) = 10*i**3 + 21*i**2 + 47*i + 21. Let f(g) = 7*u(g) - 5*w(g). What is f(-5)?
-9
Let p = 43 - 41. Let c(s) = -6 - 4 - 2*s**p + s**2 - 4 - s. Give c(0).
-14
Let t(a) = a**3 + 6*a**2 - 3*a - 9. Let u be t(-6). Let m = u + -4. Let q(r) = -2*r + 2. Determine q(m).
-8
Let r(w) = -w + 8. Let v(b) = 2*b - 23. Let c(t) = 8*r(t) + 3*v(t). Let n be c(-5). Let j(k) = -k + 3. Give j(n).
-2
Let h(j) = j + 22. Let m be h(-20). Let t(z) = 3*z + 4*z**3 + 4 + 6*z**2 - 3*z**3 - m + 0. Calculate t(-6).
-16
Let r(z) = z**3 + 6*z**2 + 1. Suppose -t - 6*o = -o + 75, -t - 4*o - 76 = 0. Let l = t - -74. Calculate r(l).
1
Let y(l) = 6*l**2 + 4. Let i(s) = 18*s**2 - s + 10. Let d(g) = -3*i(g) + 8*y(g). Calculate d(-2).
-28
Let l(p) = p**3 - 6*p**2 - 15*p - 9. Let t be l(8). Let f(g) = 3*g**2 - 3*g**3 - 3*g**3 - 5*g**2 + 1. Give f(t).
5
Let g be (-4)/16 - 21/12. Let a(p) = -8 + 5*p + 8 + 2*p**2 - 2*p. Let i be a(g). Let x(v) = v. What is x(i)?
2
Let p = -8 + 10. Suppose -3*y + 7 = 1. Let u(q) = y + 1 - 1 + q. What is u(p)?
4
Let l be 27/18*(-24)/(-27)*3. Let c(z) = 2*z**2 - 8*z + 12. Determine c(l).
12
Let c(q) be the third derivative of q**6/720 + 2*q**5/15 - q**4/24 + 13*q**3/3 + 3*q**2 + 1. Let u(z) be the second derivative of c(z). Give u(-11).
5
Let r(v) = -v**3 + 5*v**2 - 7*v + 6. Let y(u) = 7*u + 5*u - 12*u + 16 + 2*u. Let g be y(-6). What is r(g)?
-6
Let o(v) = 3*v**2 + 3*v. Let t(p) be the second derivative of -p**4/6 - p**3/2 + p**2/2 - 8*p. Let g(b) = 3*o(b) + 4*t(b). Determine g(3).
4
Let i(l) = -l**2 + 6*l - 8. Let w = 116 - 110. Determine i(w).
-8
Let p(a) = -a**2 - a - 2. Let g(w) = -21*w**3 - 4*w**2 - 4*w - 7. Let t(h) = g(h) - 4*p(h). Calculate t(-1).
22
Let u(n) = -n - 10. Let l = -603 + 599. Calculate u(l).
-6
Let l(f) = 2*f - 2. Let h(g) = -10*g + 8. Let m(q) = -2*h(q) - 9*l(q). Give m(6).
14
Let b(r) = 0*r**3 + r**3 + 13*r**2 - 11*r + 0 + 16*r + 5*r + 3. Calculate b(-12).
27
Let v(p) = -3*p - 4. Let x(h) = -h**2 - 8*h - 3. Let f be x(-8). Let g(t) = -4*t - 18. Let r be g(f). Give v(r).
14
Let y(k) be the third derivative of -1/4*k**4 + 14*k**2 + 0*k + 0 - 1/6*k**3. What is y(1)?
-7
Let i(r) = -6*r + 6. Let f be i(0). Let s be 185/35 + f/(-21)*1. Let j(p) = -p**2 + 5*p - 5. What is j(s)?
-5
Let d(w) = 3*w**3 - 8*w**2 + 20*w + 4. Let s(q) = -5*q**3 + 12*q**2 - 31*q - 7. Let p(y) = -8*d(y) - 5*s(y). What is p(-5)?
3
Let q be (-20)/(-90) - 32/(-18). Let p = q + 1. Let x(y) = 8*y - 4*y - y - p. Calculate x(2).
3
Let j(o) be the first derivative of -o**7/840 - o**6/180 + o**5/60 + o**4/24 - 17*o**3/3 + 10. Let f(v) be the third derivative of j(v). Determine f(-2).
-3
Let z(b) be the second derivative of -11*b**5/20 + b**3/6 + b**2/2 + 11*b - 2. Calculate z(-1).
11
Let c = 264 - 269. Let z(w) = -2*w - 3. What is z(c)?
7
Let c(r) = 4 - 6 + 21*r - 2 - 18*r. Calculate c(3).
5
Let o(j) = -j**3 - 4*j**2 + j - 4. Let g(w) = w**2 + 4*w - 9*w + 11*w + 4. Let m be (1 + -3)*1 - 2. Let k be g(m). What is o(k)?
-8
Suppose -2*d + 10 = -2. Let i be d - (1 - 6/3). Let r(n) = 3*n**3 - 11*n**3 - 9*n + 8*n**2 + 7*n**3 + 10. What is r(i)?
-4
Let a(m) be the second derivative of 9/2*m**2 + 0 - m**3 + 26*m + 1/12*m**4. What is a(6)?
9
Let v = -1 + 0. Let a(r) = 0*r**3 + 8*r**3 - 7*r**3 + 1 + 2*r**2 + 177*r - 175*r. Give a(v).
0
Suppose 5*u + 4*v = 61, -2*v + 21 + 3 = 2*u. Let m(r) = -r**2 + 14*r + 4. Give m(u).
17
Let r(c) be the first derivative of c**4/4 + 7*c**3/3 - 5*c**2 - 9*c + 1. Let g be 1 - (10 + -13 - -12). What is r(g)?
7
Let n(c) = -3*c**3 - 8*c**2 + 8*c - 2. Let u(l) = -2*l**3 - 7*l**2 + 6*l - 1. Let d(z) = -3*n(z) + 4*u(z). Give d(4).
2
Let i(k) = 4 + k**2 + 5 + 4 - 14 - k. Let n(z) = -z**2 - 4*z. Let y(d) = 2*i(d) + n(d). Give y(6).
-2
Suppose -2*r + 14 = -r - 4*c, -4*c - 8 = -2*r. Let g(p) be the second derivative of -1/12*p**4 - p**3 - 4*p**2 + 0 + 39*p. Determine g(r).
-8
Let b(r) = 13*r**3 - r - 7. Let y(m) = 1. Let o(p) = 20*p**3 - p - 15. Let f(x) = o(x) + 5*y(x). Let q(a) = -7*b(a) + 5*f(a). Let s be 0 + 2*1/2. Give q(s).
10
Suppose -n - 3*n + 57 = 5*i, 3*i = 5*n - 99. Let w = -23 + n. Let r(g) = -42*g**2 + 0*g**3 + 36*g**2 - g**3 - 3*g + 2. Calculate r(w).
-8
Let t(v) be the second derivative of -v**7/2520 + v**6/90 + 7*v**5/120 + 17*v**4/12 + 35*v. Let k(j) be the third derivative of t(j). Determine k(8).
7
Let m(o) = o**3 + o**2 - o - 3. Let f(b) = 3*b**3 + 17*b**2 + 13*b + 10. Let z(h) = -f(h) + 2*m(h). Determine z(-14).
-2
Let t(h) = 4*h - 26. Let n = 393 + -388. Determine t(n).
-6
Suppose 73*d = -344 - 313. Let w(p) = p**3 + 8*p**2 - 9*p - 11. What is w(d)?
-11
Let y(u) = 3*u**2 + 21*u + 2. Let s(f) = 2*f**2 + 14*f + 1. Let a(h) = 7*s(h) - 5*y(h). Suppose 3*x + 15 = 0, 3*b + 5*x - 4*x + 23 = 0. Calculate a(b).
3
Let r be 4 - 5 - 2*2. Let t(b) be the first derivative of -12 - 3*b + b**2 + 5 + 7*b - b. Give t(r).
-7
L